 derivative of w**3 - w + 30. Let m be d(-1). Calculate i(m).
-7
Suppose -4*r + 5*m = -18, -3*r + 0*m = 3*m. Let c(s) be the first derivative of 2/3*s**3 - 6 - s - 1/4*s**4 - s**r. Calculate c(3).
-16
Let c(v) = -37*v + 7. Let o be c(-2). Suppose -o*x = -77*x. Let d(k) be the second derivative of -k**4/12 + 7*k**2 + 2*k. Give d(x).
14
Let u(s) = s**3 - 9*s**2 - 23*s. Let f(m) = -2*m - 47. Let q be f(-29). Give u(q).
-11
Let g(t) be the second derivative of t**4/12 + 7*t**3/6 + 5*t**2 + 2*t - 530. Determine g(4).
54
Suppose -34 = -8*i + 14. Let z(s) = -165 + 7*s**2 + 180 - i*s**2 + 11*s. Let l(y) = y**2 - 7*y - 4. Let u be l(6). Give z(u).
5
Suppose -2*u + 4*v - 8 = 0, -40 = 4*u - 3*v - 9. Let p(q) = 1 - 2*q + 4*q - 3*q + 5. Determine p(u).
16
Let m(h) = -4*h - 47. Let j be ((-280)/(-50))/(6/(-30)*(3 + -1)). Calculate m(j).
9
Let p(y) be the first derivative of y**2/2 - 9*y - 558. Suppose 3*u = 9 + 33. What is p(u)?
5
Suppose -i + 2*q - 4 = 0, -3*i + 22 = 2*i + 4*q. Let m(h) = 3*h**2 - 6*h + 8 - 4*h**i + h**3 + 0*h**2 - 4*h**2. What is m(6)?
8
Let l(x) = -2*x + 318. Let h(z) = 3*z - 296. Let k(u) = 11*h(u) + 10*l(u). What is k(6)?
2
Let v(d) = 2*d**2 - 88. Let b(q) = -2*q**2 + 105. Let y(z) = 5*b(z) + 6*v(z). Determine y(-2).
5
Let p(j) = -j**3 - 20*j**2 + 2*j - 8. Let i(r) = -3*r**2 + 63*r + 46. Let w be i(22). Determine p(w).
-48
Suppose 0 = -5*t + 2*m - 6*m - 271, 0 = t + 4*m + 51. Let d = -33 - t. Suppose -3*n + 6*v - v - d = 0, 6 = -n + v. Let l(x) = 3*x + 5. Determine l(n).
-7
Let n(s) = -s**3 - 6*s**2 - 2*s - 6. Let f be ((-18)/10)/(((-114)/(-304))/((-5)/(-4))). Determine n(f).
6
Let z(h) = -9*h**2 - 2*h + 1. Suppose -67 = -13*u - 15. Suppose 0*k - 18 = 3*k - 4*g, -g + 11 = -u*k. Calculate z(k).
-31
Let m(q) be the first derivative of q**4/12 + 4*q**3/3 + 4*q**2 + q + 1. Let d(r) be the first derivative of m(r). Let a be 1416/(-590)*5/2*(0 - -1). Give d(a).
-4
Let f(w) = w - 4. Let n(u) = u**3 - 5*u**2 + 5*u - 8. Suppose -5*j + 2*j = 4*q - 32, 4*q = 2*j + 12. Let t be n(j). What is f(t)?
-8
Let z = -5768 + 5771. Let q(n) = 4*n**3 - 6*n**2 + 6*n - 4. Let g(l) = l**3 - l**2 + l. Let s(x) = 3*g(x) - q(x). Determine s(z).
-5
Let s(m) be the third derivative of -m**6/120 + 7*m**5/30 - 13*m**4/12 + 3*m**3 + 4*m**2 - 37. What is s(12)?
-6
Suppose 0 = 16*k - 71 - 153. Let h(t) = -26*t**2 - 4 + 2 + 13*t**2 + k*t**2. Calculate h(4).
14
Let b(y) = 6*y + 69. Let k = -3806 - -3793. Give b(k).
-9
Let m(z) = -7*z**2 - 824 + z**3 + 1616 - 786 - 11*z**2. Give m(18).
6
Suppose -28*f + 24 = -20*f. Let m(i) = -2*i**2 + 14*i - 31. Give m(f).
-7
Let s = 26 + -23. Suppose 5*n + 5*x = 55, -n + 21 = s*x - 0*x. Suppose -n*p = -p + 4*z + 36, -3*z = 12. Let y(v) = v**2 + 5*v + 3. What is y(p)?
-1
Suppose 0 = 3*j + g - 14, 3*j + 10*g = 11*g + 4. Let w(l) = 588*l**2 - 2*l + 1 - 586*l**2 + 0. Determine w(j).
13
Let b(u) = -u**2 + 6*u + 17. Let z be 10 + (70/105 - (-22)/(-6)). Determine b(z).
10
Let h(o) be the second derivative of -13*o**4/6 + o**2 + 215*o. Determine h(2).
-102
Let g(x) = x**2 + 10*x + 4. Let b be g(-10). Let m(u) = -736 - b*u + 736 + u**2. Calculate m(3).
-3
Let z(p) be the third derivative of -p**6/60 + p**4/24 - p**3/6 + 3545*p**2 + 2. Let f(x) = -x**2 + 4*x + 7. Let a be f(5). Calculate z(a).
-15
Let m(b) be the first derivative of b**3/3 - 2. Let a(i) = -7*i**3 - 7*i**2 + 2*i - 1. Let o be (2/(-3))/(1/(15/10)). Let p(v) = o*a(v) - 5*m(v). What is p(1)?
8
Suppose -216 = -5*n - 141. Let f(k) = -2*k + 20. Calculate f(n).
-10
Let q(y) = -11*y**2 - 76*y + 20. Let j(l) = -3*l**2 - 23*l + 6. Let p(d) = 7*j(d) - 2*q(d). Give p(-7).
114
Let a(l) = -2*l**2 - 15*l - 3. Suppose 0 = -7*q - 45 - 4. Let t be a(q). Let g(p) = -8*p + 4*p**3 - 11*p**3 + 4*p**3 - 5*p**2 + 6 + t*p**3. What is g(6)?
-6
Let x(u) = -19*u**2 - 2844*u + 17742. Let v be x(6). Let y(h) = 6 + 4*h**2 - 3*h - 3*h**2 - 2*h**2. Give y(v).
-12
Let w be (7 + (-247)/38)*(-11)/(55/(-30)). Let g(d) = 72*d - 212. Calculate g(w).
4
Let d be 15/25 - 57/95. Let j(n) = n**3 - n**2 - n + 60. Give j(d).
60
Let s(t) = -3*t + 3. Let k be -1*(-5 + 1/((-7)/(-42)))*1. Let m(n) = -n - 1. Suppose 0*v - 9 = 3*v, o - 9 = v. Let z(p) = k*s(p) + o*m(p). Give z(-6).
9
Let k be 6/((-30)/25) - -8. Suppose -2*d - 7 = -5*o, 0 = -2*o - d + 7 + k. Suppose 10 = 2*s + 3*c, o*s - 6*c + 2 = -2*c. Let f(i) = 3*i**2 - 3*i. What is f(s)?
6
Let g(r) be the first derivative of 1/3*r**3 + 7/2*r**2 + 5 + 13*r. Give g(-3).
1
Let q(r) be the first derivative of -22*r**3/3 - 2*r + 3680. Calculate q(1).
-24
Suppose 0 = 2*w + 383 - 385. Let c(s) = -2*s - 2*s - 3*s + 0 - s**2 + 2*s + w. What is c(-4)?
5
Let r(y) = -13*y - 3*y + 89 + 143 - 28*y + 79. Give r(7).
3
Suppose 1961*b - 99 = 1950*b. Let k(c) = 2*c - 15. What is k(b)?
3
Suppose 38*b = 28*b + 20. Let k(c) = -2*c**2 + 5*c**2 + 9*c + 2*c - 2*c**b. What is k(-11)?
0
Let z(p) = -p**3 + 15*p**2 - p + 8. Let h(m) = m**2 + 31*m + 145. Let x be h(-5). Suppose -5*n + x = k, -26*k = -27*k - 3*n + 15. What is z(k)?
-7
Let f be -3 + 4/(-32) + 114/16. Suppose 3*n - 2*s = -s + 10, n - f = s. Let u(o) = 16*o + n*o**3 - 20*o + o**2 + 1 - 2*o**3. Determine u(-3).
-5
Let l(x) = -2*x**2 + x. Let p(h) = 2*h**3 + 13*h**2 - 7*h + 3. Let v(n) = -5*l(n) - p(n). Calculate v(3).
-78
Let i be 12/(-10)*50/15 - 0. Let a(c) be the third derivative of 7/24*c**4 - 7*c**2 + 0 + c**3 + 1/60*c**5 + 0*c. What is a(i)?
-6
Let b(p) be the second derivative of p**5/120 - p**4/6 + 13*p**3/6 + 261*p. Let x(s) be the second derivative of b(s). Calculate x(0).
-4
Let m(h) = 2*h - 7. Let t = 459 - 452. What is m(t)?
7
Let s(i) = -4*i**3 + 2*i**2 + 2*i + 1. Let c be (-15)/(-35) + (-30)/21. Let z be (c/2)/(((-2)/(-44))/(-1)). Suppose 10 = n - z*n. Determine s(n).
5
Let s(t) = 28*t - 1505. Let q be s(54). Let h(a) = -8*a + 59. Determine h(q).
3
Let s(u) = 2*u**2 - 8*u + 9. Let z(n) = 3*n**2 - 14*n + 19. Let j = -303 + 308. Let q(o) = j*s(o) - 3*z(o). Calculate q(0).
-12
Suppose r - 216 = 2*k - 198, 2*k = 4*r - 18. Let n(l) = -9*l - 43. Calculate n(k).
38
Let w be (-9)/7 - 2/(-7). Let v(x) = -121*x**3 + 114*x**3 - 166*x - 1 + 78*x + 86*x. Give v(w).
8
Suppose 5*r + 2*n = 3*n + 5, 3*n - 11 = 2*r. Let q(p) = 8*p**r + 3*p - 5*p**2 + 4 - 16*p**3 + 11*p**3 + 4*p**3. Determine q(4).
0
Let f(z) = -z**2 + 4*z + 18. Let r(j) = j**2 - 3*j - 20. Let a(p) = 7*f(p) + 6*r(p). Suppose -5*g + m + 60 = 0, -8*g - 36 = -11*g - 5*m. Determine a(g).
-18
Let b(a) = -3*a - 4 + 2*a - 8. Suppose 5*z + 26 = 26. Let y be z/(-2)*(6/(-4) + 1). Calculate b(y).
-12
Let z = 7 - 1. Let s be (-1 - z/2) + -2 + -1. Let l(k) = -2*k - 1 + 7*k**2 + k**3 - 2*k - 1 + 6*k. Give l(s).
-16
Let u(k) be the second derivative of -k**4/12 + 2*k**3 - 6*k**2 - k + 36. Let s be (18 - (-142)/(-22)) + 12/(-22). What is u(s)?
-1
Let l(g) be the second derivative of -1/6*g**3 + 0*g**2 - 33*g + 1/4*g**4 + 0 - 1/20*g**5. Give l(2).
2
Suppose -16*p + 6 = -14*p. Suppose 0 = 5*g + c - 6 + 15, -3*c = -p*g + 9. Let u be (g - 0) + 3 + -9. Let o(i) = i + 9. Determine o(u).
2
Let v(d) = d**2 - 12*d + 3. Suppose 5*t - 19 = g, -5*g - 1 = 5*t + 4. Suppose -4*i = t*p - 56, p + 0*p - 17 = -i. What is v(p)?
3
Let v(i) = i**3 + 16*i**2 + i - 3. Let t = -22853 - -22837. What is v(t)?
-19
Let a be 46 - ((-24)/6)/(-4). Let z(v) = 52 - 97 - 3*v + a. What is z(2)?
-6
Let z(o) = -o**3 + 5*o**2 - 8*o + 2. Let q = 5415 + -5412. What is z(q)?
-4
Let a(u) = u**3 + 7*u**2 + u + 9. Let f be a(-7). Let x be ((-5)/f)/((-14)/644). Let q(o) = 58*o - 5 - o**2 - x*o + 52*o. Determine q(-5).
-5
Let m(w) = -w**3 - w**2 + 2*w. Let l = 85 + -73. Let v be (-6)/(-36) - 2/l. Suppose -p - k + 5*k - 6 = v, 3*k + 5 = -4*p. Calculate m(p).
0
Suppose -c = -5*s - 2*c + 128, -2*s = 5*c - 42. Let m = -26 + s. Let p(v) = -17 + 3 - 12*v**3 + 13*v**3 + v**2. What is p(m)?
-14
Let n(r) = 5*r**3 - 5*r**2 - 5*r - 3. Let z(l) = -27*l**3 + 28*l**2 + 27*l + 15. Let m(v) = 11*n(v) + 2*z(v). Determine m(3).
30
Let z = 3 + 6. Let v(m) = m - 2 - 11 - 3 + 19 - 10. Calculate v(z).
2
Let x(i) = -4*i**3 + 12*i**2 + 3*i + 4. Let r(q) = -8*q**3 - q**3 + 9 - 8*q**2 + 34*q**2 - 8*q + 15*q. Let p(w) = -3*r(w) + 7*x(w). Determine p(6).
1
Let m = 4342 - 4353. Let l(b) = b**2 + 18*b + 75. Calculate l(m).
-2
Let k = -96 - -95. Let n be k + ((-152)/(-36) 